{"id":16,"date":"2025-07-18T21:50:34","date_gmt":"2025-07-18T21:50:34","guid":{"rendered":"https:\/\/vidalay.com\/?page_id=16"},"modified":"2025-09-26T03:17:57","modified_gmt":"2025-09-26T03:17:57","slug":"nosotros","status":"publish","type":"page","link":"https:\/\/vidalay.com\/?page_id=16","title":{"rendered":"Nosotros"},"content":{"rendered":"\t\t<div data-elementor-type=\"wp-page\" data-elementor-id=\"16\" class=\"elementor elementor-16\" data-elementor-post-type=\"page\">\n\t\t\t\t<div class=\"elementor-element elementor-element-d7e8840 e-flex e-con-boxed e-con e-parent\" data-id=\"d7e8840\" data-element_type=\"container\">\n\t\t\t\t\t<div class=\"e-con-inner\">\n\t\t\t\t<div class=\"elementor-element elementor-element-8563c68 elementor-widget elementor-widget-heading\" data-id=\"8563c68\" data-element_type=\"widget\" data-widget_type=\"heading.default\">\n\t\t\t\t<div class=\"elementor-widget-container\">\n\t\t\t<style>\/*! elementor - v3.22.0 - 26-06-2024 *\/\n.elementor-heading-title{padding:0;margin:0;line-height:1}.elementor-widget-heading .elementor-heading-title[class*=elementor-size-]>a{color:inherit;font-size:inherit;line-height:inherit}.elementor-widget-heading .elementor-heading-title.elementor-size-small{font-size:15px}.elementor-widget-heading .elementor-heading-title.elementor-size-medium{font-size:19px}.elementor-widget-heading .elementor-heading-title.elementor-size-large{font-size:29px}.elementor-widget-heading .elementor-heading-title.elementor-size-xl{font-size:39px}.elementor-widget-heading .elementor-heading-title.elementor-size-xxl{font-size:59px}<\/style><h2 class=\"elementor-heading-title elementor-size-default\">Quienes somos<\/h2>\t\t<\/div>\n\t\t\t\t<\/div>\n\t\t\t\t\t<\/div>\n\t\t\t\t<\/div>\n\t\t<div class=\"elementor-element elementor-element-6547d3a e-flex e-con-boxed e-con e-parent\" data-id=\"6547d3a\" data-element_type=\"container\">\n\t\t\t\t\t<div class=\"e-con-inner\">\n\t\t\t\t<div class=\"elementor-element elementor-element-60d2aab elementor-widget elementor-widget-heading\" data-id=\"60d2aab\" data-element_type=\"widget\" data-widget_type=\"heading.default\">\n\t\t\t\t<div class=\"elementor-widget-container\">\n\t\t\t<h2 class=\"elementor-heading-title elementor-size-default\">Misi\u00f3n<\/h2>\t\t<\/div>\n\t\t\t\t<\/div>\n\t\t\t\t<div class=\"elementor-element elementor-element-a59b2a1 elementor-widget elementor-widget-text-editor\" data-id=\"a59b2a1\" data-element_type=\"widget\" data-widget_type=\"text-editor.default\">\n\t\t\t\t<div class=\"elementor-widget-container\">\n\t\t\t<style>\/*! elementor - v3.22.0 - 26-06-2024 *\/\n.elementor-widget-text-editor.elementor-drop-cap-view-stacked .elementor-drop-cap{background-color:#69727d;color:#fff}.elementor-widget-text-editor.elementor-drop-cap-view-framed .elementor-drop-cap{color:#69727d;border:3px solid;background-color:transparent}.elementor-widget-text-editor:not(.elementor-drop-cap-view-default) .elementor-drop-cap{margin-top:8px}.elementor-widget-text-editor:not(.elementor-drop-cap-view-default) .elementor-drop-cap-letter{width:1em;height:1em}.elementor-widget-text-editor .elementor-drop-cap{float:left;text-align:center;line-height:1;font-size:50px}.elementor-widget-text-editor .elementor-drop-cap-letter{display:inline-block}<\/style>\t\t\t\t<p>Sabemos que los cuidados que tengamos hoy en nuestro cuerpo, ma\u00f1ana se ver\u00e1n reflejados en nuestra salud.<\/p><p>Todos anhelamos disfrutar y compartir esos momentos maravillosos de alegr\u00edas, comidas, sonrisas, abrazos, al lado de nuestras familias, amigos, compa\u00f1eros, de nuestros seres queridos, y que mejor que hacerlo en las mejores condiciones; es por ello, \u00a0que en Vidalay trabajamos cada d\u00eda y en compa\u00f1\u00eda de los mejores profesionales para facilitarnos una mejor calidad de vida cuidando nuestra imagen corporal y nuestra salud.<\/p>\t\t\t\t\t\t<\/div>\n\t\t\t\t<\/div>\n\t\t\t\t\t<\/div>\n\t\t\t\t<\/div>\n\t\t<div class=\"elementor-element elementor-element-9540cb2 e-flex e-con-boxed e-con e-parent\" data-id=\"9540cb2\" data-element_type=\"container\">\n\t\t\t\t\t<div class=\"e-con-inner\">\n\t\t\t\t<div class=\"elementor-element elementor-element-b5d1a0e elementor-widget elementor-widget-heading\" data-id=\"b5d1a0e\" data-element_type=\"widget\" data-widget_type=\"heading.default\">\n\t\t\t\t<div class=\"elementor-widget-container\">\n\t\t\t<h2 class=\"elementor-heading-title elementor-size-default\">Visi\u00f3n<\/h2>\t\t<\/div>\n\t\t\t\t<\/div>\n\t\t\t\t<div class=\"elementor-element elementor-element-bc806c2 elementor-widget elementor-widget-text-editor\" data-id=\"bc806c2\" data-element_type=\"widget\" data-widget_type=\"text-editor.default\">\n\t\t\t\t<div class=\"elementor-widget-container\">\n\t\t\t\t\t\t\t<p>Reconocidos internacionalmente por cada persona como una marca de calidad generando esa familiaridad de uso en todos nuestros productos y servicios de Salud y Cuidado Corporal, adem\u00e1s de tener el respaldo de las entidades competentes que nos garantizan todos los est\u00e1ndares de salubridad y calidad para seguridad y confianza en nuestros consumidores.<\/p><p style=\"text-align: right;\"><a href=\"https:\/\/vidalay.com\/?page_id=177\"><em><u><i>Conoce nuestras condiciones de uso y nuestras pol\u00edticas de privacidad<\/i><\/u><\/em><\/a><\/p>\t\t\t\t\t\t<\/div>\n\t\t\t\t<\/div>\n\t\t\t\t\t<\/div>\n\t\t\t\t<\/div>\n\t\t<div class=\"elementor-element elementor-element-808549d e-flex e-con-boxed e-con e-parent\" data-id=\"808549d\" data-element_type=\"container\">\n\t\t\t\t\t<div class=\"e-con-inner\">\n\t\t\t\t<div class=\"elementor-element elementor-element-af14e30 elementor-widget elementor-widget-heading\" data-id=\"af14e30\" data-element_type=\"widget\" data-widget_type=\"heading.default\">\n\t\t\t\t<div class=\"elementor-widget-container\">\n\t\t\t<h2 class=\"elementor-heading-title elementor-size-default\">Algunos de nuestros puntos de venta<\/h2>\t\t<\/div>\n\t\t\t\t<\/div>\n\t\t\t\t\t<\/div>\n\t\t\t\t<\/div>\n\t\t<div class=\"elementor-element elementor-element-d97f0b6 e-flex e-con-boxed e-con e-parent\" data-id=\"d97f0b6\" data-element_type=\"container\">\n\t\t\t\t\t<div class=\"e-con-inner\">\n\t\t\t\t<div class=\"elementor-element elementor-element-8e8eebd elementor-widget elementor-widget-text-editor\" data-id=\"8e8eebd\" data-element_type=\"widget\" data-widget_type=\"text-editor.default\">\n\t\t\t\t<div class=\"elementor-widget-container\">\n\t\t\t\t\t\t\t<p>Centro Comercial San Carlos Cll 12 #13-69 Bogot\u00e1<\/p>\t\t\t\t\t\t<\/div>\n\t\t\t\t<\/div>\n\t\t\t\t\t<\/div>\n\t\t\t\t<\/div>\n\t\t<div class=\"elementor-element elementor-element-2e254af e-flex e-con-boxed e-con e-parent\" data-id=\"2e254af\" data-element_type=\"container\">\n\t\t\t\t\t<div class=\"e-con-inner\">\n\t\t<div class=\"elementor-element elementor-element-c80cc32 e-con-full e-flex e-con e-child\" data-id=\"c80cc32\" data-element_type=\"container\">\n\t\t\t\t<div class=\"elementor-element elementor-element-2986431 elementor-widget elementor-widget-image\" data-id=\"2986431\" data-element_type=\"widget\" data-widget_type=\"image.default\">\n\t\t\t\t<div class=\"elementor-widget-container\">\n\t\t\t<style>\/*! elementor - v3.22.0 - 26-06-2024 *\/\n.elementor-widget-image{text-align:center}.elementor-widget-image a{display:inline-block}.elementor-widget-image a img[src$=\".svg\"]{width:48px}.elementor-widget-image img{vertical-align:middle;display:inline-block}<\/style>\t\t\t\t\t\t\t\t\t\t<img fetchpriority=\"high\" decoding=\"async\" width=\"225\" height=\"300\" src=\"https:\/\/vidalay.com\/wp-content\/uploads\/2025\/07\/Polish_20250623_155453895-225x300.jpg\" class=\"attachment-medium size-medium wp-image-351\" alt=\"\" srcset=\"https:\/\/vidalay.com\/wp-content\/uploads\/2025\/07\/Polish_20250623_155453895-225x300.jpg 225w, https:\/\/vidalay.com\/wp-content\/uploads\/2025\/07\/Polish_20250623_155453895-768x1024.jpg 768w, https:\/\/vidalay.com\/wp-content\/uploads\/2025\/07\/Polish_20250623_155453895-1152x1536.jpg 1152w, https:\/\/vidalay.com\/wp-content\/uploads\/2025\/07\/Polish_20250623_155453895-1536x2048.jpg 1536w, https:\/\/vidalay.com\/wp-content\/uploads\/2025\/07\/Polish_20250623_155453895-scaled.jpg 1920w\" sizes=\"(max-width: 225px) 100vw, 225px\" \/>\t\t\t\t\t\t\t\t\t\t\t\t\t<\/div>\n\t\t\t\t<\/div>\n\t\t\t\t<\/div>\n\t\t<div class=\"elementor-element elementor-element-0cff0bd e-con-full e-flex e-con e-child\" data-id=\"0cff0bd\" data-element_type=\"container\">\n\t\t\t\t<div class=\"elementor-element elementor-element-96b9c6f elementor-widget elementor-widget-image\" data-id=\"96b9c6f\" data-element_type=\"widget\" data-widget_type=\"image.default\">\n\t\t\t\t<div class=\"elementor-widget-container\">\n\t\t\t\t\t\t\t\t\t\t\t\t\t<img decoding=\"async\" width=\"225\" height=\"300\" src=\"https:\/\/vidalay.com\/wp-content\/uploads\/2025\/07\/Polish_20250624_112913914-225x300.jpg\" class=\"attachment-medium size-medium wp-image-352\" alt=\"\" srcset=\"https:\/\/vidalay.com\/wp-content\/uploads\/2025\/07\/Polish_20250624_112913914-225x300.jpg 225w, https:\/\/vidalay.com\/wp-content\/uploads\/2025\/07\/Polish_20250624_112913914-768x1024.jpg 768w, https:\/\/vidalay.com\/wp-content\/uploads\/2025\/07\/Polish_20250624_112913914-1152x1536.jpg 1152w, https:\/\/vidalay.com\/wp-content\/uploads\/2025\/07\/Polish_20250624_112913914-1536x2048.jpg 1536w, https:\/\/vidalay.com\/wp-content\/uploads\/2025\/07\/Polish_20250624_112913914-scaled.jpg 1920w\" sizes=\"(max-width: 225px) 100vw, 225px\" \/>\t\t\t\t\t\t\t\t\t\t\t\t\t<\/div>\n\t\t\t\t<\/div>\n\t\t\t\t<\/div>\n\t\t\t\t\t<\/div>\n\t\t\t\t<\/div>\n\t\t<div class=\"elementor-element elementor-element-b17ea00 e-flex e-con-boxed e-con e-parent\" data-id=\"b17ea00\" data-element_type=\"container\">\n\t\t\t\t\t<div class=\"e-con-inner\">\n\t\t\t\t<div class=\"elementor-element elementor-element-4fb9c01 elementor-widget elementor-widget-text-editor\" data-id=\"4fb9c01\" data-element_type=\"widget\" data-widget_type=\"text-editor.default\">\n\t\t\t\t<div class=\"elementor-widget-container\">\n\t\t\t\t\t\t\t<p>&#8211;<\/p>\t\t\t\t\t\t<\/div>\n\t\t\t\t<\/div>\n\t\t\t\t<div class=\"elementor-element elementor-element-2319615 elementor-widget elementor-widget-text-editor\" data-id=\"2319615\" data-element_type=\"widget\" data-widget_type=\"text-editor.default\">\n\t\t\t\t<div class=\"elementor-widget-container\">\n\t\t\t\t\t\t\t<p>Centro Comercial Popular Av. Gim\u00e9nez #12-74 Bogot\u00e1<\/p>\t\t\t\t\t\t<\/div>\n\t\t\t\t<\/div>\n\t\t\t\t\t<\/div>\n\t\t\t\t<\/div>\n\t\t<div class=\"elementor-element elementor-element-b9fcae4 e-flex e-con-boxed e-con e-parent\" data-id=\"b9fcae4\" data-element_type=\"container\">\n\t\t\t\t\t<div class=\"e-con-inner\">\n\t\t<div class=\"elementor-element elementor-element-f6caf01 e-con-full e-flex e-con e-child\" data-id=\"f6caf01\" data-element_type=\"container\">\n\t\t\t\t<div class=\"elementor-element elementor-element-1b4855e elementor-widget elementor-widget-image\" data-id=\"1b4855e\" data-element_type=\"widget\" data-widget_type=\"image.default\">\n\t\t\t\t<div class=\"elementor-widget-container\">\n\t\t\t\t\t\t\t\t\t\t\t\t\t<img decoding=\"async\" src=\"https:\/\/vidalay.com\/wp-content\/uploads\/elementor\/thumbs\/Polish_20250412_161705883-scaled-r9hosmhb8djo545nv7ovhq1sze04354l9jvcafa570.jpg\" title=\"\" alt=\"\" loading=\"lazy\" \/>\t\t\t\t\t\t\t\t\t\t\t\t\t<\/div>\n\t\t\t\t<\/div>\n\t\t\t\t<\/div>\n\t\t<div class=\"elementor-element elementor-element-3105ee2 e-con-full e-flex e-con e-child\" data-id=\"3105ee2\" data-element_type=\"container\">\n\t\t\t\t<div class=\"elementor-element elementor-element-1e1f4d8 elementor-widget elementor-widget-image\" data-id=\"1e1f4d8\" data-element_type=\"widget\" data-widget_type=\"image.default\">\n\t\t\t\t<div class=\"elementor-widget-container\">\n\t\t\t\t\t\t\t\t\t\t\t\t\t<img decoding=\"async\" width=\"225\" height=\"300\" src=\"https:\/\/vidalay.com\/wp-content\/uploads\/2025\/07\/Polish_20250412_160124730-225x300.jpg\" class=\"attachment-medium size-medium wp-image-354\" alt=\"\" srcset=\"https:\/\/vidalay.com\/wp-content\/uploads\/2025\/07\/Polish_20250412_160124730-225x300.jpg 225w, https:\/\/vidalay.com\/wp-content\/uploads\/2025\/07\/Polish_20250412_160124730-768x1024.jpg 768w, https:\/\/vidalay.com\/wp-content\/uploads\/2025\/07\/Polish_20250412_160124730-1152x1536.jpg 1152w, https:\/\/vidalay.com\/wp-content\/uploads\/2025\/07\/Polish_20250412_160124730-1536x2048.jpg 1536w, https:\/\/vidalay.com\/wp-content\/uploads\/2025\/07\/Polish_20250412_160124730-scaled.jpg 1920w\" sizes=\"(max-width: 225px) 100vw, 225px\" \/>\t\t\t\t\t\t\t\t\t\t\t\t\t<\/div>\n\t\t\t\t<\/div>\n\t\t\t\t<\/div>\n\t\t\t\t\t<\/div>\n\t\t\t\t<\/div>\n\t\t<div class=\"elementor-element elementor-element-cd33e37 e-flex e-con-boxed e-con e-parent\" data-id=\"cd33e37\" data-element_type=\"container\">\n\t\t\t\t\t<div class=\"e-con-inner\">\n\t\t\t\t<div class=\"elementor-element elementor-element-77e9471 elementor-widget elementor-widget-text-editor\" data-id=\"77e9471\" data-element_type=\"widget\" data-widget_type=\"text-editor.default\">\n\t\t\t\t<div class=\"elementor-widget-container\">\n\t\t\t\t\t\t\t<p>&#8211;<\/p>\t\t\t\t\t\t<\/div>\n\t\t\t\t<\/div>\n\t\t\t\t<div class=\"elementor-element elementor-element-debf50b elementor-widget elementor-widget-text-editor\" data-id=\"debf50b\" data-element_type=\"widget\" data-widget_type=\"text-editor.default\">\n\t\t\t\t<div class=\"elementor-widget-container\">\n\t\t\t\t\t\t\t<p>Centro Comercial Moda Centro Cll 14 #5-55 Cali<\/p>\t\t\t\t\t\t<\/div>\n\t\t\t\t<\/div>\n\t\t\t\t\t<\/div>\n\t\t\t\t<\/div>\n\t\t<div class=\"elementor-element elementor-element-df5831a e-flex e-con-boxed e-con e-parent\" data-id=\"df5831a\" data-element_type=\"container\">\n\t\t\t\t\t<div class=\"e-con-inner\">\n\t\t<div class=\"elementor-element elementor-element-14cea6b e-con-full e-flex e-con e-child\" data-id=\"14cea6b\" data-element_type=\"container\">\n\t\t\t\t<div class=\"elementor-element elementor-element-973629c elementor-widget elementor-widget-image\" data-id=\"973629c\" data-element_type=\"widget\" data-widget_type=\"image.default\">\n\t\t\t\t<div class=\"elementor-widget-container\">\n\t\t\t\t\t\t\t\t\t\t\t\t\t<img decoding=\"async\" src=\"https:\/\/vidalay.com\/wp-content\/uploads\/elementor\/thumbs\/Polish_20250629_165312668-r9hp3rud2s1w0wwwff39ic7hmeq0957e077gspfuww.jpg\" title=\"\" alt=\"\" loading=\"lazy\" \/>\t\t\t\t\t\t\t\t\t\t\t\t\t<\/div>\n\t\t\t\t<\/div>\n\t\t\t\t<\/div>\n\t\t<div class=\"elementor-element elementor-element-89256f5 e-con-full e-flex e-con e-child\" data-id=\"89256f5\" data-element_type=\"container\">\n\t\t\t\t<div class=\"elementor-element elementor-element-89b4136 elementor-widget elementor-widget-image\" data-id=\"89b4136\" data-element_type=\"widget\" data-widget_type=\"image.default\">\n\t\t\t\t<div class=\"elementor-widget-container\">\n\t\t\t\t\t\t\t\t\t\t\t\t\t<img decoding=\"async\" src=\"https:\/\/vidalay.com\/wp-content\/uploads\/elementor\/thumbs\/Polish_20250412_163114666-r9hp4qme3ndhyhidsc4gklfjlnyl5y1ggzcfjy0aio.jpg\" title=\"\" alt=\"\" loading=\"lazy\" \/>\t\t\t\t\t\t\t\t\t\t\t\t\t<\/div>\n\t\t\t\t<\/div>\n\t\t\t\t<\/div>\n\t\t<div class=\"elementor-element elementor-element-123c739 e-con-full e-flex e-con e-child\" data-id=\"123c739\" data-element_type=\"container\">\n\t\t\t\t<div class=\"elementor-element elementor-element-adbf785 elementor-widget elementor-widget-image\" data-id=\"adbf785\" data-element_type=\"widget\" data-widget_type=\"image.default\">\n\t\t\t\t<div class=\"elementor-widget-container\">\n\t\t\t\t\t\t\t\t\t\t\t\t\t<img decoding=\"async\" src=\"https:\/\/vidalay.com\/wp-content\/uploads\/elementor\/thumbs\/Polish_20250412_162110134-r9hp6lcxkvwuustfymyyzml9s0tncgeee5nwml9c8w.jpg\" title=\"\" alt=\"\" loading=\"lazy\" \/>\t\t\t\t\t\t\t\t\t\t\t\t\t<\/div>\n\t\t\t\t<\/div>\n\t\t\t\t<\/div>\n\t\t\t\t\t<\/div>\n\t\t\t\t<\/div>\n\t\t<div class=\"elementor-element elementor-element-3583e32 e-flex e-con-boxed e-con e-parent\" data-id=\"3583e32\" data-element_type=\"container\">\n\t\t\t\t\t<div class=\"e-con-inner\">\n\t\t\t\t\t<\/div>\n\t\t\t\t<\/div>\n\t\t\t\t<\/div>\n\t\t","protected":false},"excerpt":{"rendered":"<p>Quienes somos Misi\u00f3n Sabemos que los cuidados que tengamos hoy en nuestro cuerpo, ma\u00f1ana se ver\u00e1n reflejados en nuestra salud. Todos anhelamos disfrutar y compartir esos momentos maravillosos de alegr\u00edas, comidas, sonrisas, abrazos, al lado de nuestras familias, amigos, compa\u00f1eros, de nuestros seres queridos, y que mejor que hacerlo en las mejores condiciones; es por &hellip;<\/p>\n<p class=\"read-more\"> <a class=\"\" href=\"https:\/\/vidalay.com\/?page_id=16\"> <span class=\"screen-reader-text\">Nosotros<\/span> Leer m\u00e1s &raquo;<\/a><\/p>\n","protected":false},"author":1,"featured_media":0,"parent":0,"menu_order":0,"comment_status":"closed","ping_status":"closed","template":"","meta":{"pagelayer_contact_templates":[],"_pagelayer_content":"","footnotes":""},"class_list":["post-16","page","type-page","status-publish","hentry"],"_links":{"self":[{"href":"https:\/\/vidalay.com\/index.php?rest_route=\/wp\/v2\/pages\/16","targetHints":{"allow":["GET"]}}],"collection":[{"href":"https:\/\/vidalay.com\/index.php?rest_route=\/wp\/v2\/pages"}],"about":[{"href":"https:\/\/vidalay.com\/index.php?rest_route=\/wp\/v2\/types\/page"}],"author":[{"embeddable":true,"href":"https:\/\/vidalay.com\/index.php?rest_route=\/wp\/v2\/users\/1"}],"replies":[{"embeddable":true,"href":"https:\/\/vidalay.com\/index.php?rest_route=%2Fwp%2Fv2%2Fcomments&post=16"}],"version-history":[{"count":40,"href":"https:\/\/vidalay.com\/index.php?rest_route=\/wp\/v2\/pages\/16\/revisions"}],"predecessor-version":[{"id":2235,"href":"https:\/\/vidalay.com\/index.php?rest_route=\/wp\/v2\/pages\/16\/revisions\/2235"}],"wp:attachment":[{"href":"https:\/\/vidalay.com\/index.php?rest_route=%2Fwp%2Fv2%2Fmedia&parent=16"}],"curies":[{"name":"wp","href":"https:\/\/api.w.org\/{rel}","templated":true}]}}